{"id":1029,"date":"2022-10-09T20:52:19","date_gmt":"2022-10-09T23:52:19","guid":{"rendered":"https:\/\/hervas-pharmacia.com.br\/novo\/?page_id=1029"},"modified":"2023-02-12T19:25:30","modified_gmt":"2023-02-12T22:25:30","slug":"politica-da-qualidade","status":"publish","type":"page","link":"https:\/\/hervas-pharmacia.com.br\/novo\/politica-da-qualidade\/","title":{"rendered":"Pol\u00edtica da Qualidade"},"content":{"rendered":"<div class=\"row\"  id=\"row-860150219\">\n\n\t<div id=\"col-1977209772\" class=\"col small-12 large-12\"  >\n\t\t\t\t<div class=\"col-inner\"  >\n\t\t\t\n\t\t\t\n\t<div class=\"img has-hover x md-x lg-x y md-y lg-y\" id=\"image_1632845165\">\n\t\t\t\t\t\t\t\t<div class=\"img-inner dark\" >\n\t\t\t<img width=\"929\" height=\"135\" src=\"https:\/\/hervas-pharmacia.com.br\/novo\/wp-content\/uploads\/2022\/10\/meioambiente.jpg\" class=\"attachment-large size-large\" alt=\"\" decoding=\"async\" loading=\"lazy\" srcset=\"https:\/\/hervas-pharmacia.com.br\/novo\/wp-content\/uploads\/2022\/10\/meioambiente.jpg 929w, https:\/\/hervas-pharmacia.com.br\/novo\/wp-content\/uploads\/2022\/10\/meioambiente-800x116.jpg 800w, https:\/\/hervas-pharmacia.com.br\/novo\/wp-content\/uploads\/2022\/10\/meioambiente-768x112.jpg 768w, https:\/\/hervas-pharmacia.com.br\/novo\/wp-content\/uploads\/2022\/10\/meioambiente-600x87.jpg 600w\" sizes=\"(max-width: 929px) 100vw, 929px\" \/>\t\t\t\t\t\t\n\t\t\t\t\t<\/div>\n\t\t\t\t\t\t\t\t\n<style>\n#image_1632845165 {\n  width: 100%;\n}\n<\/style>\n\t<\/div>\n\t\n<h1>Pol\u00edtica da Qualidade<\/h1>\n<p>O Grupo Herva\u2019s Pharmacia, com grande prazer, apresenta sua Pol\u00edtica de Gest\u00e3o da Qualidade.<\/p>\n<p>\u2013 A busca cont\u00ednua da Excel\u00eancia no que tange a satisfa\u00e7\u00e3o dos nossos clientes;<\/p>\n<p>\u2013 A valoriza\u00e7\u00e3o dos recursos humanos atrav\u00e9s de treinamentos inerentes ao Sistema de Gest\u00e3o da Qualidade e nos processos da organiza\u00e7\u00e3o;<\/p>\n<p>\u2013 Investimento cont\u00ednuo em novas tecnologias e parcerias visando o aperfei\u00e7oamento constante.<\/p>\n\t\t<\/div>\n\t\t\t\t\t<\/div>\n\n\t\n<\/div>\n","protected":false},"excerpt":{"rendered":"","protected":false},"author":1,"featured_media":0,"parent":0,"menu_order":0,"comment_status":"closed","ping_status":"closed","template":"","meta":[],"_links":{"self":[{"href":"https:\/\/hervas-pharmacia.com.br\/novo\/wp-json\/wp\/v2\/pages\/1029"}],"collection":[{"href":"https:\/\/hervas-pharmacia.com.br\/novo\/wp-json\/wp\/v2\/pages"}],"about":[{"href":"https:\/\/hervas-pharmacia.com.br\/novo\/wp-json\/wp\/v2\/types\/page"}],"author":[{"embeddable":true,"href":"https:\/\/hervas-pharmacia.com.br\/novo\/wp-json\/wp\/v2\/users\/1"}],"replies":[{"embeddable":true,"href":"https:\/\/hervas-pharmacia.com.br\/novo\/wp-json\/wp\/v2\/comments?post=1029"}],"version-history":[{"count":3,"href":"https:\/\/hervas-pharmacia.com.br\/novo\/wp-json\/wp\/v2\/pages\/1029\/revisions"}],"predecessor-version":[{"id":1212,"href":"https:\/\/hervas-pharmacia.com.br\/novo\/wp-json\/wp\/v2\/pages\/1029\/revisions\/1212"}],"wp:attachment":[{"href":"https:\/\/hervas-pharmacia.com.br\/novo\/wp-json\/wp\/v2\/media?parent=1029"}],"curies":[{"name":"wp","href":"https:\/\/api.w.org\/{rel}","templated":true}]}}