{"id":1152,"date":"2022-10-13T16:00:13","date_gmt":"2022-10-13T19:00:13","guid":{"rendered":"https:\/\/hervas-pharmacia.com.br\/novo\/?page_id=1152"},"modified":"2022-10-13T16:01:50","modified_gmt":"2022-10-13T19:01:50","slug":"fazer-meu-cadastro-area-medica","status":"publish","type":"page","link":"https:\/\/hervas-pharmacia.com.br\/novo\/fazer-meu-cadastro-area-medica\/","title":{"rendered":"FAZER MEU CADASTRO \u2013 \u00c1REA M\u00c9DICA"},"content":{"rendered":"<p>SE J\u00c1 \u00c9 USU\u00c1RIO\u00a0<a href=\"http:\/\/hervas-pharmacia.com.br\/extranet\/wp-login.php?redirect_to=http%3A%2F%2Fhervas-pharmacia.com.br%2Fextranet%2F&amp;reauth=1\" target=\"_blank\" rel=\"noopener\">CLIQUE AQUI\u00a0<\/a>OU FA\u00c7A O CADASTRO ABAIXO<\/p>\n<p>Esta \u00e9 a primeira parte do cadastro, ap\u00f3s a valida\u00e7\u00e3o voc\u00ea receber\u00e1 um e-mail de confirma\u00e7\u00e3o para acessar a \u00e1rea m\u00e9dica. Lembramos que esta \u00e1rea \u00e9 somente para m\u00e9dicos e nutricionistas, e a Hervas Pharmacia se reserva no direito de n\u00e3o autorizar o acesso ao conte\u00fado t\u00e9cnico.<\/p>\n\n<div class=\"wpcf7 no-js\" id=\"wpcf7-f960-o1\" lang=\"pt-BR\" dir=\"ltr\">\n<div class=\"screen-reader-response\"><p role=\"status\" aria-live=\"polite\" aria-atomic=\"true\"><\/p> <ul><\/ul><\/div>\n<form action=\"\/novo\/wp-json\/wp\/v2\/pages\/1152#wpcf7-f960-o1\" method=\"post\" class=\"wpcf7-form init\" aria-label=\"Formul\u00e1rios de contato\" novalidate=\"novalidate\" data-status=\"init\">\n<div style=\"display: none;\">\n<input type=\"hidden\" name=\"_wpcf7\" value=\"960\" \/>\n<input type=\"hidden\" name=\"_wpcf7_version\" value=\"5.7.3\" \/>\n<input type=\"hidden\" name=\"_wpcf7_locale\" value=\"pt_BR\" \/>\n<input type=\"hidden\" name=\"_wpcf7_unit_tag\" value=\"wpcf7-f960-o1\" \/>\n<input type=\"hidden\" name=\"_wpcf7_container_post\" value=\"0\" \/>\n<input type=\"hidden\" name=\"_wpcf7_posted_data_hash\" value=\"\" \/>\n<\/div>\n<p>Nome Dr(a)*\n<\/p>\n<p><span class=\"wpcf7-form-control-wrap\" data-name=\"your-name\"><input size=\"40\" class=\"wpcf7-form-control wpcf7-text wpcf7-validates-as-required\" aria-required=\"true\" aria-invalid=\"false\" value=\"\" type=\"text\" name=\"your-name\" \/><\/span>\n<\/p>\n<p>Telefone*\n<\/p>\n<p><span class=\"wpcf7-form-control-wrap\" data-name=\"Telefone\"><input size=\"40\" class=\"wpcf7-form-control wpcf7-text wpcf7-validates-as-required\" aria-required=\"true\" aria-invalid=\"false\" value=\"\" type=\"text\" name=\"Telefone\" \/><\/span>\n<\/p>\n<p>Especialidade*\n<\/p>\n<p><span class=\"wpcf7-form-control-wrap\" data-name=\"Especialidade\"><input size=\"40\" class=\"wpcf7-form-control wpcf7-text wpcf7-validates-as-required\" aria-required=\"true\" aria-invalid=\"false\" value=\"\" type=\"text\" name=\"Especialidade\" \/><\/span>\n<\/p>\n<p>CRM ou CRN*\n<\/p>\n<p><span class=\"wpcf7-form-control-wrap\" data-name=\"CRMouCRN\"><input size=\"40\" class=\"wpcf7-form-control wpcf7-text\" aria-invalid=\"false\" value=\"\" type=\"text\" name=\"CRMouCRN\" \/><\/span>\n<\/p>\n<p>Endere\u00e7o*\n<\/p>\n<p><span class=\"wpcf7-form-control-wrap\" data-name=\"Endereo\"><input size=\"40\" class=\"wpcf7-form-control wpcf7-text wpcf7-validates-as-required\" aria-required=\"true\" aria-invalid=\"false\" value=\"\" type=\"text\" name=\"Endereo\" \/><\/span>\n<\/p>\n<p>Cidade e UF\n<\/p>\n<p><span class=\"wpcf7-form-control-wrap\" data-name=\"CidadeeUF\"><input size=\"40\" class=\"wpcf7-form-control wpcf7-text\" aria-invalid=\"false\" value=\"\" type=\"text\" name=\"CidadeeUF\" \/><\/span>\n<\/p>\n<p>Cep\n<\/p>\n<p><span class=\"wpcf7-form-control-wrap\" data-name=\"cep\"><input size=\"40\" class=\"wpcf7-form-control wpcf7-text\" aria-invalid=\"false\" value=\"\" type=\"text\" name=\"cep\" \/><\/span>\n<\/p>\n<p>O seu e-mail (obrigat\u00f3rio)\n<\/p>\n<p><span class=\"wpcf7-form-control-wrap\" data-name=\"your-email\"><input size=\"40\" class=\"wpcf7-form-control wpcf7-text wpcf7-email wpcf7-validates-as-required wpcf7-validates-as-email\" aria-required=\"true\" aria-invalid=\"false\" value=\"\" type=\"email\" name=\"your-email\" \/><\/span>\n<\/p>\n<p>Anota\u00e7\u00f5es\n<\/p>\n<p><span class=\"wpcf7-form-control-wrap\" data-name=\"your-message\"><textarea cols=\"40\" rows=\"10\" class=\"wpcf7-form-control wpcf7-textarea\" aria-invalid=\"false\" name=\"your-message\"><\/textarea><\/span>\n<\/p>\n<p><input type=\"hidden\" name=\"_wpcf7_captcha_challenge_captcha-672\" value=\"39574220\" \/><img class=\"wpcf7-form-control wpcf7-captchac wpcf7-captcha-captcha-672\" width=\"72\" height=\"24\" alt=\"captcha\" src=\"https:\/\/hervas-pharmacia.com.br\/novo\/wp-content\/uploads\/wpcf7_captcha\/39574220.png\" \/><br \/>\nDigite as letras<br \/>\n<span class=\"wpcf7-form-control-wrap\" data-name=\"captcha-672\"><input size=\"40\" class=\"wpcf7-form-control wpcf7-captchar\" autocomplete=\"off\" aria-invalid=\"false\" value=\"\" type=\"text\" name=\"captcha-672\" \/><\/span>\n<\/p>\n<p><input class=\"wpcf7-form-control has-spinner wpcf7-submit\" type=\"submit\" value=\"Enviar\" \/>\n<\/p><div class=\"wpcf7-response-output\" aria-hidden=\"true\"><\/div>\n<\/form>\n<\/div>\n\n","protected":false},"excerpt":{"rendered":"<p>SE J\u00c1 \u00c9 USU\u00c1RIO\u00a0CLIQUE AQUI\u00a0OU FA\u00c7A O CADASTRO ABAIXO Esta \u00e9 a primeira parte do cadastro, ap\u00f3s a valida\u00e7\u00e3o voc\u00ea receber\u00e1 um e-mail de confirma\u00e7\u00e3o para acessar a \u00e1rea m\u00e9dica. Lembramos que esta \u00e1rea \u00e9 somente para m\u00e9dicos e nutricionistas, e a Hervas Pharmacia se reserva no direito de n\u00e3o autorizar o acesso ao conte\u00fado [&#8230;]\n","protected":false},"author":1,"featured_media":0,"parent":0,"menu_order":0,"comment_status":"closed","ping_status":"closed","template":"","meta":[],"_links":{"self":[{"href":"https:\/\/hervas-pharmacia.com.br\/novo\/wp-json\/wp\/v2\/pages\/1152"}],"collection":[{"href":"https:\/\/hervas-pharmacia.com.br\/novo\/wp-json\/wp\/v2\/pages"}],"about":[{"href":"https:\/\/hervas-pharmacia.com.br\/novo\/wp-json\/wp\/v2\/types\/page"}],"author":[{"embeddable":true,"href":"https:\/\/hervas-pharmacia.com.br\/novo\/wp-json\/wp\/v2\/users\/1"}],"replies":[{"embeddable":true,"href":"https:\/\/hervas-pharmacia.com.br\/novo\/wp-json\/wp\/v2\/comments?post=1152"}],"version-history":[{"count":3,"href":"https:\/\/hervas-pharmacia.com.br\/novo\/wp-json\/wp\/v2\/pages\/1152\/revisions"}],"predecessor-version":[{"id":1155,"href":"https:\/\/hervas-pharmacia.com.br\/novo\/wp-json\/wp\/v2\/pages\/1152\/revisions\/1155"}],"wp:attachment":[{"href":"https:\/\/hervas-pharmacia.com.br\/novo\/wp-json\/wp\/v2\/media?parent=1152"}],"curies":[{"name":"wp","href":"https:\/\/api.w.org\/{rel}","templated":true}]}}