{"id":97,"date":"2013-08-06T20:13:19","date_gmt":"2013-08-06T20:13:19","guid":{"rendered":"http:\/\/localhost:8888\/test\/?page_id=17"},"modified":"2024-08-08T10:29:06","modified_gmt":"2024-08-08T13:29:06","slug":"classic-shop","status":"publish","type":"page","link":"https:\/\/hervas-pharmacia.com.br\/novo\/","title":{"rendered":"Home"},"content":{"rendered":"<div class=\"slider-wrapper relative\" id=\"slider-409754073\" >\n    <div class=\"slider slider-nav-circle slider-nav-large slider-nav-light slider-style-normal\"\n        data-flickity-options='{\n            \"cellAlign\": \"center\",\n            \"imagesLoaded\": true,\n            \"lazyLoad\": 1,\n            \"freeScroll\": false,\n            \"wrapAround\": true,\n            \"autoPlay\": 6000,\n            \"pauseAutoPlayOnHover\" : true,\n            \"prevNextButtons\": true,\n            \"contain\" : true,\n            \"adaptiveHeight\" : true,\n            \"dragThreshold\" : 10,\n            \"percentPosition\": true,\n            \"pageDots\": true,\n            \"rightToLeft\": false,\n            \"draggable\": true,\n            \"selectedAttraction\": 0.1,\n            \"parallax\" : 0,\n            \"friction\": 0.6        }'\n        >\n        \n\n  <div class=\"banner has-hover\" id=\"banner-1213067101\">\n          <div class=\"banner-inner fill\">\n        <div class=\"banner-bg fill\" >\n            <div class=\"bg fill bg-fill \"><\/div>\n                                    \n                    <\/div>\n\t\t\n        <div class=\"banner-layers container\">\n            <a class=\"fill\" href=\"https:\/\/hervas-pharmacia.com.br\/novo\/categoria-produto\/picnogenol\/\"  ><div class=\"fill banner-link\"><\/div><\/a>            \n        <\/div>\n      <\/div>\n\n              <div class=\"height-fix is-invisible\"><img width=\"1920\" height=\"600\" src=\"https:\/\/hervas-pharmacia.com.br\/novo\/wp-content\/uploads\/2022\/09\/001-baner-hervas.jpg\" class=\"attachment-original size-original\" alt=\"\" decoding=\"async\" loading=\"lazy\" srcset=\"https:\/\/hervas-pharmacia.com.br\/novo\/wp-content\/uploads\/2022\/09\/001-baner-hervas.jpg 1920w, https:\/\/hervas-pharmacia.com.br\/novo\/wp-content\/uploads\/2022\/09\/001-baner-hervas-800x250.jpg 800w, https:\/\/hervas-pharmacia.com.br\/novo\/wp-content\/uploads\/2022\/09\/001-baner-hervas-1400x438.jpg 1400w, https:\/\/hervas-pharmacia.com.br\/novo\/wp-content\/uploads\/2022\/09\/001-baner-hervas-768x240.jpg 768w, https:\/\/hervas-pharmacia.com.br\/novo\/wp-content\/uploads\/2022\/09\/001-baner-hervas-1536x480.jpg 1536w, https:\/\/hervas-pharmacia.com.br\/novo\/wp-content\/uploads\/2022\/09\/001-baner-hervas-600x188.jpg 600w\" sizes=\"(max-width: 1920px) 100vw, 1920px\" \/><\/div>\n            \n<style>\n#banner-1213067101 .bg.bg-loaded {\n  background-image: url(https:\/\/hervas-pharmacia.com.br\/novo\/wp-content\/uploads\/2022\/09\/001-baner-hervas.jpg);\n}\n#banner-1213067101 .bg {\n  background-position: 1%;\n}\n#banner-1213067101 .ux-shape-divider--top svg {\n  height: 150px;\n  --divider-top-width: 100%;\n}\n#banner-1213067101 .ux-shape-divider--bottom svg {\n  height: 150px;\n  --divider-width: 100%;\n}\n<\/style>\n  <\/div>\n\n\n\n  <div class=\"banner has-hover\" id=\"banner-2129589096\">\n          <div class=\"banner-inner fill\">\n        <div class=\"banner-bg fill\" >\n            <div class=\"bg fill bg-fill \"><\/div>\n                                    \n                    <\/div>\n\t\t\n        <div class=\"banner-layers container\">\n            <a class=\"fill\" href=\"https:\/\/hervas-pharmacia.com.br\/novo\/categoria-produto\/ubiquinol\/\"  ><div class=\"fill banner-link\"><\/div><\/a>            \n        <\/div>\n      <\/div>\n\n              <div class=\"height-fix is-invisible\"><img width=\"1920\" height=\"600\" src=\"https:\/\/hervas-pharmacia.com.br\/novo\/wp-content\/uploads\/2023\/04\/banner1.png\" class=\"attachment-original size-original\" alt=\"\" decoding=\"async\" loading=\"lazy\" srcset=\"https:\/\/hervas-pharmacia.com.br\/novo\/wp-content\/uploads\/2023\/04\/banner1.png 1920w, https:\/\/hervas-pharmacia.com.br\/novo\/wp-content\/uploads\/2023\/04\/banner1-800x250.png 800w, https:\/\/hervas-pharmacia.com.br\/novo\/wp-content\/uploads\/2023\/04\/banner1-1400x438.png 1400w, https:\/\/hervas-pharmacia.com.br\/novo\/wp-content\/uploads\/2023\/04\/banner1-768x240.png 768w, https:\/\/hervas-pharmacia.com.br\/novo\/wp-content\/uploads\/2023\/04\/banner1-1536x480.png 1536w, https:\/\/hervas-pharmacia.com.br\/novo\/wp-content\/uploads\/2023\/04\/banner1-600x188.png 600w\" sizes=\"(max-width: 1920px) 100vw, 1920px\" \/><\/div>\n            \n<style>\n#banner-2129589096 .bg.bg-loaded {\n  background-image: url(https:\/\/hervas-pharmacia.com.br\/novo\/wp-content\/uploads\/2023\/04\/banner1.png);\n}\n#banner-2129589096 .bg {\n  background-position: 1%;\n}\n#banner-2129589096 .ux-shape-divider--top svg {\n  height: 150px;\n  --divider-top-width: 100%;\n}\n#banner-2129589096 .ux-shape-divider--bottom svg {\n  height: 150px;\n  --divider-width: 100%;\n}\n<\/style>\n  <\/div>\n\n\n\n  <div class=\"banner has-hover\" id=\"banner-1418630863\">\n          <div class=\"banner-inner fill\">\n        <div class=\"banner-bg fill\" >\n            <div class=\"bg fill bg-fill \"><\/div>\n                                    \n                    <\/div>\n\t\t\n        <div class=\"banner-layers container\">\n            <a class=\"fill\" href=\"https:\/\/hervas-pharmacia.com.br\/novo\/categoria-produto\/vit-4\/\"  ><div class=\"fill banner-link\"><\/div><\/a>            \n        <\/div>\n      <\/div>\n\n              <div class=\"height-fix is-invisible\"><img width=\"1920\" height=\"600\" src=\"https:\/\/hervas-pharmacia.com.br\/novo\/wp-content\/uploads\/2022\/09\/006-baner-hervas.jpg\" class=\"attachment-original size-original\" alt=\"\" decoding=\"async\" loading=\"lazy\" srcset=\"https:\/\/hervas-pharmacia.com.br\/novo\/wp-content\/uploads\/2022\/09\/006-baner-hervas.jpg 1920w, https:\/\/hervas-pharmacia.com.br\/novo\/wp-content\/uploads\/2022\/09\/006-baner-hervas-800x250.jpg 800w, https:\/\/hervas-pharmacia.com.br\/novo\/wp-content\/uploads\/2022\/09\/006-baner-hervas-1400x438.jpg 1400w, https:\/\/hervas-pharmacia.com.br\/novo\/wp-content\/uploads\/2022\/09\/006-baner-hervas-768x240.jpg 768w, https:\/\/hervas-pharmacia.com.br\/novo\/wp-content\/uploads\/2022\/09\/006-baner-hervas-1536x480.jpg 1536w, https:\/\/hervas-pharmacia.com.br\/novo\/wp-content\/uploads\/2022\/09\/006-baner-hervas-600x188.jpg 600w\" sizes=\"(max-width: 1920px) 100vw, 1920px\" \/><\/div>\n            \n<style>\n#banner-1418630863 .bg.bg-loaded {\n  background-image: url(https:\/\/hervas-pharmacia.com.br\/novo\/wp-content\/uploads\/2022\/09\/006-baner-hervas.jpg);\n}\n#banner-1418630863 .bg {\n  background-position: 1%;\n}\n#banner-1418630863 .ux-shape-divider--top svg {\n  height: 150px;\n  --divider-top-width: 100%;\n}\n#banner-1418630863 .ux-shape-divider--bottom svg {\n  height: 150px;\n  --divider-width: 100%;\n}\n<\/style>\n  <\/div>\n\n\n\n  <div class=\"banner has-hover\" id=\"banner-418565532\">\n          <div class=\"banner-inner fill\">\n        <div class=\"banner-bg fill\" >\n            <div class=\"bg fill bg-fill \"><\/div>\n                                    \n                    <\/div>\n\t\t\n        <div class=\"banner-layers container\">\n            <a class=\"fill\" href=\"https:\/\/hervas-pharmacia.com.br\/novo\/categoria-produto\/vit-4\/\"  ><div class=\"fill banner-link\"><\/div><\/a>            \n        <\/div>\n      <\/div>\n\n              <div class=\"height-fix is-invisible\"><img width=\"1920\" height=\"600\" src=\"https:\/\/hervas-pharmacia.com.br\/novo\/wp-content\/uploads\/2022\/09\/007-baner-hervas.jpg\" class=\"attachment-original size-original\" alt=\"\" decoding=\"async\" loading=\"lazy\" srcset=\"https:\/\/hervas-pharmacia.com.br\/novo\/wp-content\/uploads\/2022\/09\/007-baner-hervas.jpg 1920w, https:\/\/hervas-pharmacia.com.br\/novo\/wp-content\/uploads\/2022\/09\/007-baner-hervas-800x250.jpg 800w, https:\/\/hervas-pharmacia.com.br\/novo\/wp-content\/uploads\/2022\/09\/007-baner-hervas-1400x438.jpg 1400w, https:\/\/hervas-pharmacia.com.br\/novo\/wp-content\/uploads\/2022\/09\/007-baner-hervas-768x240.jpg 768w, https:\/\/hervas-pharmacia.com.br\/novo\/wp-content\/uploads\/2022\/09\/007-baner-hervas-1536x480.jpg 1536w, https:\/\/hervas-pharmacia.com.br\/novo\/wp-content\/uploads\/2022\/09\/007-baner-hervas-600x188.jpg 600w\" sizes=\"(max-width: 1920px) 100vw, 1920px\" \/><\/div>\n            \n<style>\n#banner-418565532 .bg.bg-loaded {\n  background-image: url(https:\/\/hervas-pharmacia.com.br\/novo\/wp-content\/uploads\/2022\/09\/007-baner-hervas.jpg);\n}\n#banner-418565532 .bg {\n  background-position: 1%;\n}\n#banner-418565532 .ux-shape-divider--top svg {\n  height: 150px;\n  --divider-top-width: 100%;\n}\n#banner-418565532 .ux-shape-divider--bottom svg {\n  height: 150px;\n  --divider-width: 100%;\n}\n<\/style>\n  <\/div>\n\n\n\n  <div class=\"banner has-hover\" id=\"banner-693049351\">\n          <div class=\"banner-inner fill\">\n        <div class=\"banner-bg fill\" >\n            <div class=\"bg fill bg-fill \"><\/div>\n                                    \n                    <\/div>\n\t\t\n        <div class=\"banner-layers container\">\n            <a class=\"fill\" href=\"https:\/\/hervas-pharmacia.com.br\/novo\/categoria-produto\/vit-4\/\"  ><div class=\"fill banner-link\"><\/div><\/a>            \n        <\/div>\n      <\/div>\n\n              <div class=\"height-fix is-invisible\"><img width=\"1920\" height=\"600\" src=\"https:\/\/hervas-pharmacia.com.br\/novo\/wp-content\/uploads\/2022\/09\/008-baner-hervas.jpg\" class=\"attachment-original size-original\" alt=\"\" decoding=\"async\" loading=\"lazy\" srcset=\"https:\/\/hervas-pharmacia.com.br\/novo\/wp-content\/uploads\/2022\/09\/008-baner-hervas.jpg 1920w, https:\/\/hervas-pharmacia.com.br\/novo\/wp-content\/uploads\/2022\/09\/008-baner-hervas-800x250.jpg 800w, https:\/\/hervas-pharmacia.com.br\/novo\/wp-content\/uploads\/2022\/09\/008-baner-hervas-1400x438.jpg 1400w, https:\/\/hervas-pharmacia.com.br\/novo\/wp-content\/uploads\/2022\/09\/008-baner-hervas-768x240.jpg 768w, https:\/\/hervas-pharmacia.com.br\/novo\/wp-content\/uploads\/2022\/09\/008-baner-hervas-1536x480.jpg 1536w, https:\/\/hervas-pharmacia.com.br\/novo\/wp-content\/uploads\/2022\/09\/008-baner-hervas-600x188.jpg 600w\" sizes=\"(max-width: 1920px) 100vw, 1920px\" \/><\/div>\n            \n<style>\n#banner-693049351 .bg.bg-loaded {\n  background-image: url(https:\/\/hervas-pharmacia.com.br\/novo\/wp-content\/uploads\/2022\/09\/008-baner-hervas.jpg);\n}\n#banner-693049351 .bg {\n  background-position: 1%;\n}\n#banner-693049351 .ux-shape-divider--top svg {\n  height: 150px;\n  --divider-top-width: 100%;\n}\n#banner-693049351 .ux-shape-divider--bottom svg {\n  height: 150px;\n  --divider-width: 100%;\n}\n<\/style>\n  <\/div>\n\n\n     <\/div>\n\n     <div class=\"loading-spin dark large centered\"><\/div>\n\n     \t<\/div>\n\n\n\n<div class=\"container section-title-container\" ><h3 class=\"section-title section-title-center\"><b><\/b><span class=\"section-title-main\" >ESPECIALIDADES HERVAS<\/span><b><\/b><\/h3><\/div>\n\n\n  \n    <div class=\"row large-columns-4 medium-columns-3 small-columns-2 row-small row-full-width\">\n  <div class=\"product-category col\" >\n            <div class=\"col-inner\">\n                              <div class=\"box box-category has-hover box-none \">\n                <div class=\"box-image\" >\n                  <div class=\"image-zoom\" >\n                  <img src=\"https:\/\/hervas-pharmacia.com.br\/novo\/wp-content\/uploads\/2022\/09\/especial1-300x300.jpg\" alt=\"Neurologia e Sa\u00fade Mental\" width=\"300\" height=\"300\" \/>                                                      <\/div>\n                <\/div>\n                <div class=\"box-text text-center\" >\n                  <div class=\"box-text-inner\">\n                      <h5 class=\"uppercase header-title\">\n                              Neurologia e Sa\u00fade Mental                      <\/h5>\n                                            \n                  <\/div>\n                <\/div>\n                <\/div>\n                        <\/div>\n            <\/div><div class=\"product-category col\" >\n            <div class=\"col-inner\">\n                              <div class=\"box box-category has-hover box-none \">\n                <div class=\"box-image\" >\n                  <div class=\"image-zoom\" >\n                  <img src=\"https:\/\/hervas-pharmacia.com.br\/novo\/wp-content\/uploads\/2022\/09\/especial2-1-300x300.jpg\" alt=\"Emagrecimento e redu\u00e7\u00e3o de gorduras\" width=\"300\" height=\"300\" \/>                                                      <\/div>\n                <\/div>\n                <div class=\"box-text text-center\" >\n                  <div class=\"box-text-inner\">\n                      <h5 class=\"uppercase header-title\">\n                              Emagrecimento e redu\u00e7\u00e3o de gorduras                      <\/h5>\n                                            \n                  <\/div>\n                <\/div>\n                <\/div>\n                        <\/div>\n            <\/div><div class=\"product-category col\" >\n            <div class=\"col-inner\">\n                              <div class=\"box box-category has-hover box-none \">\n                <div class=\"box-image\" >\n                  <div class=\"image-zoom\" >\n                  <img src=\"https:\/\/hervas-pharmacia.com.br\/novo\/wp-content\/uploads\/2020\/08\/especial3-600x600-1-300x300.jpg\" alt=\"Corpo e Est\u00e9tica\" width=\"300\" height=\"300\" \/>                                                      <\/div>\n                <\/div>\n                <div class=\"box-text text-center\" >\n                  <div class=\"box-text-inner\">\n                      <h5 class=\"uppercase header-title\">\n                              Corpo e Est\u00e9tica                      <\/h5>\n                                            \n                  <\/div>\n                <\/div>\n                <\/div>\n                        <\/div>\n            <\/div><div class=\"product-category col\" >\n            <div class=\"col-inner\">\n                              <div class=\"box box-category has-hover box-none \">\n                <div class=\"box-image\" >\n                  <div class=\"image-zoom\" >\n                  <img src=\"https:\/\/hervas-pharmacia.com.br\/novo\/wp-content\/uploads\/2022\/09\/especial4-300x300.jpg\" alt=\"Longevidade saud\u00e1vel\" width=\"300\" height=\"300\" \/>                                                      <\/div>\n                <\/div>\n                <div class=\"box-text text-center\" >\n                  <div class=\"box-text-inner\">\n                      <h5 class=\"uppercase header-title\">\n                              Longevidade saud\u00e1vel                      <\/h5>\n                                            \n                  <\/div>\n                <\/div>\n                <\/div>\n                        <\/div>\n            <\/div><div class=\"product-category col\" >\n            <div class=\"col-inner\">\n                              <div class=\"box box-category has-hover box-none \">\n                <div class=\"box-image\" >\n                  <div class=\"image-zoom\" >\n                  <img src=\"https:\/\/hervas-pharmacia.com.br\/novo\/wp-content\/uploads\/2022\/09\/especial6-300x300.jpg\" alt=\"Homeopatia e Florais\" width=\"300\" height=\"300\" \/>                                                      <\/div>\n                <\/div>\n                <div class=\"box-text text-center\" >\n                  <div class=\"box-text-inner\">\n                      <h5 class=\"uppercase header-title\">\n                              Homeopatia e Florais                      <\/h5>\n                                            \n                  <\/div>\n                <\/div>\n                <\/div>\n                        <\/div>\n            <\/div><div class=\"product-category col\" >\n            <div class=\"col-inner\">\n                              <div class=\"box box-category has-hover box-none \">\n                <div class=\"box-image\" >\n                  <div class=\"image-zoom\" >\n                  <img src=\"https:\/\/hervas-pharmacia.com.br\/novo\/wp-content\/uploads\/2020\/08\/manipulacao-600x600-1-300x300.jpg\" alt=\"Manipula\u00e7\u00e3o Oral e T\u00f3pica\" width=\"300\" height=\"300\" \/>                                                      <\/div>\n                <\/div>\n                <div class=\"box-text text-center\" >\n                  <div class=\"box-text-inner\">\n                      <h5 class=\"uppercase header-title\">\n                              Manipula\u00e7\u00e3o Oral e T\u00f3pica                      <\/h5>\n                                            \n                  <\/div>\n                <\/div>\n                <\/div>\n                        <\/div>\n            <\/div><div class=\"product-category col\" >\n            <div class=\"col-inner\">\n                              <div class=\"box box-category has-hover box-none \">\n                <div class=\"box-image\" >\n                  <div class=\"image-zoom\" >\n                  <img src=\"https:\/\/hervas-pharmacia.com.br\/novo\/wp-content\/uploads\/2023\/02\/especial8-600x600-1-300x300.jpg\" alt=\"Cardiologia\" width=\"300\" height=\"300\" \/>                                                      <\/div>\n                <\/div>\n                <div class=\"box-text text-center\" >\n                  <div class=\"box-text-inner\">\n                      <h5 class=\"uppercase header-title\">\n                              Cardiologia                      <\/h5>\n                                            \n                  <\/div>\n                <\/div>\n                <\/div>\n                        <\/div>\n            <\/div><div class=\"product-category col\" >\n            <div class=\"col-inner\">\n                              <div class=\"box box-category has-hover box-none \">\n                <div class=\"box-image\" >\n                  <div class=\"image-zoom\" >\n                  <img src=\"https:\/\/hervas-pharmacia.com.br\/novo\/wp-content\/uploads\/2022\/09\/especial5-1-300x300.jpg\" alt=\"Medicina Esportiva\" width=\"300\" height=\"300\" \/>                                                      <\/div>\n                <\/div>\n                <div class=\"box-text text-center\" >\n                  <div class=\"box-text-inner\">\n                      <h5 class=\"uppercase header-title\">\n                              Medicina Esportiva                      <\/h5>\n                                            \n                  <\/div>\n                <\/div>\n                <\/div>\n                        <\/div>\n            <\/div><\/div>\n<div class=\"container section-title-container\" ><h3 class=\"section-title section-title-center\"><b><\/b><span class=\"section-title-main\" >PRINCIPAIS PRODUTOS<\/span><b><\/b><\/h3><\/div>\n\n\n\n\t<div id=\"gap-224881728\" class=\"gap-element clearfix\" style=\"display:block; height:auto;\">\n\t\t\n<style>\n#gap-224881728 {\n  padding-top: 40px;\n}\n<\/style>\n\t<\/div>\n\t\n\t<section class=\"section\" id=\"section_1441344913\">\n\t\t<div class=\"bg section-bg fill bg-fill  \" >\n\n\t\t\t\n\t\t\t\n\t\t\t\n\n\t\t<\/div>\n\n\t\t\n\n\t\t<div class=\"section-content relative\">\n\t\t\t\n<div class=\"row align-center\"  id=\"row-1967241170\">\n\n\t<div id=\"col-138092592\" class=\"col small-12 large-12\"  >\n\t\t\t\t<div class=\"col-inner text-center\"  >\n\t\t\t\n\t\t\t\n<div class=\"message-box relative dark\" style=\"padding-top:8px;padding-bottom:8px;\"><div class=\"message-box-bg-image bg-fill fill\" ><\/div><div class=\"message-box-bg-overlay bg-fill fill\" style=\"background-color:rgb(4, 132, 157);\"><\/div><div class=\"container relative\"><div class=\"inner last-reset\">\n<div class=\"row align-middle align-center\"  id=\"row-33901614\">\n\n\t<div id=\"col-2007490847\" class=\"col medium-5 small-12 large-5\"  >\n\t\t\t\t<div class=\"col-inner text-center\"  >\n\t\t\t\n\t\t\t\n\t<div id=\"text-4167070634\" class=\"text\">\n\t\t\n<h4>Telefones: (11) 2666-4676 \u2013 (11) 3522-5008<\/h4>\n<h4>WhatsApp 11 99849-4898<\/h4>\n<h4><a href=\"https:\/\/hervas-pharmacia.com.br\/novo\/unidades\/\" target=\"_blank\" rel=\"noopener\">NOSSAS UNIDADES<\/a><\/h4>\n\t\t\n<style>\n#text-4167070634 {\n  text-align: left;\n}\n<\/style>\n\t<\/div>\n\t\n\t\t<\/div>\n\t\t\t\t\t<\/div>\n\n\t\n\n\t<div id=\"col-1014714580\" class=\"col medium-3 small-12 large-3\"  >\n\t\t\t\t<div class=\"col-inner\"  >\n\t\t\t\n\t\t\t\n<p>D\u00favidas? Entre em contato com nossa equipe de vendas:<\/p>\n\t\t<\/div>\n\t\t\t\t\t<\/div>\n\n\t\n\n\t<div id=\"col-182571869\" class=\"col medium-3 small-12 large-3\"  >\n\t\t\t\t<div class=\"col-inner text-center\"  >\n\t\t\t\n\t\t\t\n<a href=\"https:\/\/api.whatsapp.com\/send?phone=5511998494898\" target=\"_self\" class=\"button white is-outline lowercase\"  style=\"border-radius:99px;\">\n  <i class=\"icon-user-o\" aria-hidden=\"true\" ><\/i>  <span>Atendimento Online<\/span>\n  <\/a>\n\n\t\t<\/div>\n\t\t\t\t\t<\/div>\n\n\t\n<\/div>\n<\/div><\/div><\/div>\n\t\t<\/div>\n\t\t\t\t\t<\/div>\n\n\t\n<\/div>\n\t\t<\/div>\n\n\t\t\n<style>\n#section_1441344913 {\n  padding-top: 130px;\n  padding-bottom: 130px;\n  min-height: 300px;\n  background-color: rgb(245, 245, 245);\n}\n#section_1441344913 .section-bg.bg-loaded {\n  background-image: url(https:\/\/hervas-pharmacia.com.br\/novo\/wp-content\/uploads\/2020\/07\/atendimento-online-whats.jpg);\n}\n#section_1441344913 .section-bg {\n  background-position: 2% 35%;\n}\n#section_1441344913 .ux-shape-divider--top svg {\n  height: 150px;\n  --divider-top-width: 100%;\n}\n#section_1441344913 .ux-shape-divider--bottom svg {\n  height: 150px;\n  --divider-width: 100%;\n}\n<\/style>\n\t<\/section>\n\t\n\t<div id=\"gap-196722451\" class=\"gap-element clearfix\" style=\"display:block; height:auto;\">\n\t\t\n<style>\n#gap-196722451 {\n  padding-top: 30px;\n}\n<\/style>\n\t<\/div>\n\t\n\n\t<script type=\"text\/javascript\">\n  jQuery( document ).ready(function() {\n    function initialize() {\n        var styles = {\n            'flatsome':  [{\n            \"featureType\": \"administrative\",\n            \"stylers\": [\n              { \"visibility\": \"on\" }\n            ]\n          },\n          {\n            \"featureType\": \"road\",\n            \"stylers\": [\n              { \"visibility\": \"on\" },\n              { \"hue\": \"\" }\n            ]\n          },\n          {\n            \"stylers\": [\n\t\t\t  { \"visibility\": \"on\" },\n\t\t\t  { \"hue\": \"\" },\n\t\t\t  { \"saturation\": -30 }\n            ]\n          }\n        ]};\n\n        var myLatlng = new google.maps.LatLng(-23.653743423518, -46.536612295004);\n        var myOptions = {\n            zoom: 17,\n            center: myLatlng,\n            mapTypeId: google.maps.MapTypeId.ROADMAP,\n            disableDefaultUI: true,\n            mapTypeId: 'flatsome',\n            draggable: true,\n            zoomControl: false,\n            zoomControlOptions: {\n              position: google.maps.ControlPosition.TOP_LEFT\n            },\n      \t\t\t\/\/ panControl: false,\n            \/\/ panControlOptions: {\n            \/\/   position: google.maps.ControlPosition.TOP_LEFT\n            \/\/ },\n      \t\t\tmapTypeControl: false,\n            mapTypeControlOptions: {\n              position: google.maps.ControlPosition.TOP_LEFT\n            },\n      \t\t\t\/\/ scaleControl: false,\n            \/\/ scaleControlOptions: {\n            \/\/   position: google.maps.ControlPosition.TOP_LEFT\n            \/\/ },\n      \t\t\tstreetViewControl: false,\n            streetViewControlOptions: {\n              position: google.maps.ControlPosition.TOP_LEFT\n            },\n      \t\t\t\/\/ overviewMapControl: false,\n            \/\/ overviewMapControlOptions: {\n            \/\/   position: google.maps.ControlPosition.TOP_LEFT\n            \/\/ },\n            scrollwheel: false,\n            disableDoubleClickZoom: true\n        }\n        var map = new google.maps.Map(document.getElementById(\"map-47052581-inner\"), myOptions);\n        var styledMapType = new google.maps.StyledMapType(styles['flatsome'], {name: 'flatsome'});\n        map.mapTypes.set('flatsome', styledMapType);\n\n        var marker = new google.maps.Marker({\n            position: myLatlng,\n            map: map,\n            title:\"\"\n        });\n    }\n\n    \/\/ Required to proceed\n    if (!(typeof google === 'object' && typeof google.maps === 'object')) {\n      return\n    }\n\n    initialize()\n    google.maps.event.addDomListener(window, 'resize', initialize);\n    });\n    <\/script>\n\n    <div class=\"google-map relative mb\" id=\"map-47052581\">\n        <div class=\"map-height\" id=\"map-47052581-inner\"><\/div>\n        <div id=\"map_overlay_top\"><\/div>\n        <div id=\"map_overlay_bottom\"><\/div>\n                  <div class=\"map_inner map-inner last-reset absolute x100 md-x95 lg-x95 y100 md-y95 lg-y95\">\n              \n<h3>Rua das Mon\u00e7\u00f5es, 602<\/h3>\n<p>Jardim \u2013 Santo Andr\u00e9 \u2013 SP<\/p>\n         <\/div>\n       \n       \n<style>\n#map-47052581 .map-inner {\n  background-color: #fff;\n  max-width: 100%;\n}\n#map-47052581 .map-height {\n  height: 400px;\n}\n@media (min-width:550px) {\n  #map-47052581 .map-inner {\n    max-width: 40%;\n  }\n}\n@media (min-width:850px) {\n  #map-47052581 .map-inner {\n    max-width: 30%;\n  }\n}\n<\/style>\n    <\/div>\n\n\t\n\t<div id=\"gap-1052891100\" class=\"gap-element clearfix\" style=\"display:block; height:auto;\">\n\t\t\n<style>\n#gap-1052891100 {\n  padding-top: 10px;\n}\n<\/style>\n\t<\/div>\n\t\n","protected":false},"excerpt":{"rendered":"","protected":false},"author":1,"featured_media":297,"parent":0,"menu_order":1,"comment_status":"closed","ping_status":"closed","template":"page-blank.php","meta":[],"_links":{"self":[{"href":"https:\/\/hervas-pharmacia.com.br\/novo\/wp-json\/wp\/v2\/pages\/97"}],"collection":[{"href":"https:\/\/hervas-pharmacia.com.br\/novo\/wp-json\/wp\/v2\/pages"}],"about":[{"href":"https:\/\/hervas-pharmacia.com.br\/novo\/wp-json\/wp\/v2\/types\/page"}],"author":[{"embeddable":true,"href":"https:\/\/hervas-pharmacia.com.br\/novo\/wp-json\/wp\/v2\/users\/1"}],"replies":[{"embeddable":true,"href":"https:\/\/hervas-pharmacia.com.br\/novo\/wp-json\/wp\/v2\/comments?post=97"}],"version-history":[{"count":233,"href":"https:\/\/hervas-pharmacia.com.br\/novo\/wp-json\/wp\/v2\/pages\/97\/revisions"}],"predecessor-version":[{"id":1299,"href":"https:\/\/hervas-pharmacia.com.br\/novo\/wp-json\/wp\/v2\/pages\/97\/revisions\/1299"}],"wp:featuredmedia":[{"embeddable":true,"href":"https:\/\/hervas-pharmacia.com.br\/novo\/wp-json\/wp\/v2\/media\/297"}],"wp:attachment":[{"href":"https:\/\/hervas-pharmacia.com.br\/novo\/wp-json\/wp\/v2\/media?parent=97"}],"curies":[{"name":"wp","href":"https:\/\/api.w.org\/{rel}","templated":true}]}}