{"id":563,"date":"2020-08-30T20:51:17","date_gmt":"2020-08-30T23:51:17","guid":{"rendered":"https:\/\/hervas-pharmacia.com.br\/novo\/?post_type=product&#038;p=563"},"modified":"2023-04-11T08:05:00","modified_gmt":"2023-04-11T11:05:00","slug":"medicina-esportiva","status":"publish","type":"product","link":"https:\/\/hervas-pharmacia.com.br\/novo\/medicina-esportiva\/medicina-esportiva\/","title":{"rendered":"Medicina Esportiva"},"content":{"rendered":"","protected":false},"excerpt":{"rendered":"<p><strong>Energia &amp; Desempenho &amp; Performance<\/strong><\/p>\n<p><strong>\u00a0<\/strong><\/p>\n<p>A pr\u00e1tica de atividades f\u00edsicas associadas a uma alimenta\u00e7\u00e3o equilibrada traz excelentes resultados.<\/p>\n<p>Pessoas que treinam como atletas ou praticantes de exerc\u00edcios intensos, tamb\u00e9m podem precisar complementar a alimenta\u00e7\u00e3o di\u00e1ria com uso de suplementos, nutrac\u00eauticos, e, principalmente prote\u00ednas e amino\u00e1cidos, entre outros.<\/p>\n<p>&nbsp;<\/p>\n<p>A nutri\u00e7\u00e3o esportiva entra em campo com forca total para que atletas possam extrair o m\u00e1ximo de suas potencialidades na pr\u00e1tica esportiva e em competi\u00e7\u00f5es. Os amino\u00e1cidos s\u00e3o os blocos de constru\u00e7\u00e3o das prote\u00ednas e s\u00e3o cruciais para a fun\u00e7\u00e3o muscular e aumento da massa muscular.<\/p>\n<p>As classes de subst\u00e2ncias mencionadas aqui, tornam-se importantes aliadas para aumento de performance f\u00edsica e sa\u00fade dos atletas e visam:<\/p>\n<ul>\n<li>Aumento da performance \u2013 foco, resist\u00eancia e aumento da massa muscular;<\/li>\n<li>Aumento da libera\u00e7\u00e3o de \u00f3xido n\u00edtrico;<\/li>\n<li>Acelerar a queima de gordura;<\/li>\n<li>Recupera\u00e7\u00e3o e aumento de energia card\u00edaca e condicionamento f\u00edsico;<\/li>\n<li>Aumento da produ\u00e7\u00e3o de energia ATP;<\/li>\n<li>Acelerar a recupera\u00e7\u00e3o do m\u00fasculo e evitar o catabolismo muscular;<\/li>\n<li>Modular ou reduzir a inflama\u00e7\u00e3o.<\/li>\n<\/ul>\n<p>&nbsp;<\/p>\n<p><strong>Principais classes utilizadas:<\/strong><\/p>\n<p><strong>\u00a0<\/strong><\/p>\n<p><strong>Amino\u00e1cidos:<\/strong>\u00a0traz benef\u00edcios para o rendimento esportivo, melhora a recupera\u00e7\u00e3o muscular, melhora do sistema imune.<\/p>\n<p><strong>Lipol\u00edticos e<\/strong>\u00a0<strong>Termog\u00eanicos:<\/strong>\u00a0indicados para aumentar o gasto energ\u00e9tico do organismo, estimulando a queima de gordura como fonte de energia para o organismo.<\/p>\n<p><strong>Antioxidantes:\u00a0<\/strong>compostos por vitaminas, minerais ou outros componentes que ajudam a reduzir os danos causados pelos radicais livres ao organismo, que em excesso podem ser prejudiciais. E demais ativos com fun\u00e7\u00f5es importantes na terapia.<strong>\u00a0<\/strong><\/p>\n<p>&nbsp;<\/p>\n<p><strong>\u00a0<\/strong><\/p>\n<p><strong>Alguns dos ativos podem auxiliar na medicina esportiva<\/strong><\/p>\n<p><strong>\u00a0<\/strong><\/p>\n<ul>\n<li><strong>Alfa GPC (alfa-glicerilfosforilcolina)<\/strong><\/li>\n<\/ul>\n<p><strong><u>\u00a0<\/u><\/strong><\/p>\n<p>Importante ativo na suplementa\u00e7\u00e3o esportiva<em>. Aumenta o desempenho muscular e facilita seu desenvolvimento; Maior resist\u00eancia e explos\u00e3o muscular nos exerc\u00edcios f\u00edsicos.<\/em><\/p>\n<p>Alfa GPC, fosfolip\u00eddeo derivado da fosfatidilcolina \u00e9 um precursor da acetilcolina de maior biodisponibilidade sob a forma de fosfolip\u00eddio para hipertrofia muscular. Capacidade em aumentar a produ\u00e7\u00e3o do horm\u00f4nio do crescimento e aumentar a produ\u00e7\u00e3o de energia. Facilita a s\u00edntese e libera\u00e7\u00e3o de acetilcolina pelo organismo resultando em maior facilidade de desenvolvimento muscular frente aos exerc\u00edcios f\u00edsicos, maior resist\u00eancia e explos\u00e3o muscular, melhora da fun\u00e7\u00e3o cognitiva.<\/p>\n<p>&nbsp;<\/p>\n<ul>\n<li><strong>Gamma Oryzanol<\/strong><\/li>\n<\/ul>\n<p><strong>\u00a0<\/strong><\/p>\n<p>Alternativa natural para ester\u00f3ides anab\u00f3licos; Aumenta a for\u00e7a muscular, tamanho e defini\u00e7\u00e3o muscular; Reduz a sensa\u00e7\u00e3o de dor; Reduz os n\u00edveis de colesterol.<\/p>\n<p>\u00c9 um dos quatro is\u00f4meros derivados do oryzanol (esterol vegetal), \u00e9 o extrato do \u00f3leo de farelo de arroz. Sugere-se que possui os mesmos efeitos dos ester\u00f3ides anab\u00f3licos, contudo n\u00e3o \u00e9 um anab\u00f3lico por n\u00e3o ser convertido em testosterona pelo organismo. \u00c9 mais efetivo como um suplemento antioxidante por neutralizar a libera\u00e7\u00e3o dos radicais livres durante o exerc\u00edcio intenso. A teoria sobre a suplementa\u00e7\u00e3o de gamma oryzanol \u00e9 o efeito que essa subst\u00e2ncia tem no sistema hormonal do corpo, especialmente a habilidade para aumentar os n\u00edveis de testosterona. Gamma oryzanol \u00e9 tamb\u00e9m conhecido por estimular o hipot\u00e1lamo a liberar o horm\u00f4nio do crescimento (GH), que estimula o organismo a produzir o (hGH). Pode tamb\u00e9m desenvolver efeitos nas endorfinas (respons\u00e1veis pelo efeito de bem estar). Endorfinas s\u00e3o liberadas durante o exerc\u00edcio e ajudam a reduzir o sentimento de fadiga. Atletas que sentem menos fadiga est\u00e3o aptos a um treino de longa dura\u00e7\u00e3o.<\/p>\n<p><strong>Dose recomendada<\/strong>: 100mg a 500mg por dia.<\/p>\n<p>&nbsp;<\/p>\n<p>&nbsp;<\/p>\n<p>&nbsp;<\/p>\n<p>&nbsp;<\/p>\n<p>&nbsp;<\/p>\n<p>&nbsp;<\/p>\n<p><strong><u>\u00a0<\/u><\/strong><\/p>\n<ul>\n<li><strong>Palatinose<\/strong><\/li>\n<\/ul>\n<p><strong><u>\u00a0<\/u><\/strong><\/p>\n<p>Promo\u00e7\u00e3o de energia e acelera\u00e7\u00e3o da oxida\u00e7\u00e3o lip\u00eddica; Auxiliar no controle glic\u00eamico.<\/p>\n<p>A Palatinose \u00e9 um carboidrato branco, puro e cristalino, derivado da fonte natural de sacarose. \u00c9 o \u00fanico carboidrato funcional que \u00e9 totalmente diger\u00edvel e lentamente liberado. Palatinose fornece glicose de uma forma mais equilibrada, fornecendo assim energia prolongada. Al\u00e9m de ser de baixo \u00edndice glic\u00eamico, baixo \u00edndice insulin\u00eamico e saud\u00e1vel aos dentes, a Palatinose queima mais calorias provenientes de gordura sob a atividade f\u00edsica em compara\u00e7\u00e3o com outros carboidratos.<\/p>\n<p><strong><u>\u00a0<\/u><\/strong><\/p>\n<p><strong><u>\u00a0<\/u><\/strong><\/p>\n<ul>\n<li><strong><u>TURKESTERONA <\/u><\/strong>(Ajuga Turkestanica Extract )<\/li>\n<\/ul>\n<p><strong>\u00a0<\/strong><\/p>\n<p>Aumento de massa muscular; Aumento do desempenho f\u00edsico; Melhora da fun\u00e7\u00e3o card\u00edaca.<\/p>\n<p>Uma caracter\u00edstica da <em>Ajuga Turkestanica <\/em>\u00e9 a presen\u00e7a da turkesterona 11-\u03b1-hidroxila, que n\u00e3o foi observada em outras esp\u00e9cies do mesmo g\u00eanero. A Turkesterona promove a s\u00edntese de prote\u00ednas, mant\u00e9m o metabolismo anab\u00f3lico, aumenta massa muscular, enquanto diminui o tecido adiposo. O crescimento muscular \u00e9 promovido atrav\u00e9s de melhorar a reten\u00e7\u00e3o de nitrog\u00eanio e tamb\u00e9m na metaboliza\u00e7\u00e3o de prote\u00ednas reduzindo o catabolismo e aumentando o anabolismo na s\u00edntese de prote\u00ednas por acelerar o processo de transloca\u00e7\u00e3o. Ap\u00f3s treinamento f\u00edsico intenso, quando os n\u00edveis de testosterona se esgota, o corpo fica extremamente vulner\u00e1vel a les\u00f5es musculares, TURKESTERONE age como um substituto da testosterona at\u00e9 que seus n\u00edveis se normalizem. N\u00e3o existe, portanto, o catabolismo p\u00f3s-treino e tamb\u00e9m inexiste a ruptura muscular. Ela incrementa a assimila\u00e7\u00e3o de prote\u00ednas resultando em for\u00e7a e ganho de massa magra.<\/p>\n<p><strong><u>\u00a0<\/u><\/strong><\/p>\n<p><strong><u>\u00a0<\/u><\/strong><\/p>\n<ul>\n<li><strong>Enxtra<\/strong><\/li>\n<\/ul>\n<p>&nbsp;<\/p>\n<p>Extra\u00eddo da <em>Alpinia galanga<\/em>, Enxtra\u00ae \u00e9 o primeiro e \u00fanico ingrediente bot\u00e2nico livre de cafe\u00edna clinicamente comprovado na melhora do estado de alerta e foco por um per\u00edodo de at\u00e9 5 horas \u2013 sem o efeito negativo da cafe\u00edna.<\/p>\n<p>Enxtra\u00ae modula os n\u00edveis de dopamina, melhorando e dobrando a concentra\u00e7\u00e3o e a disposi\u00e7\u00e3o. Aumenta o foco e aten\u00e7\u00e3o por 5 horas. Similar \u00e0 cafe\u00edna, Enxtra\u00ae bloqueia a liga\u00e7\u00e3o da adenosina aos seus receptores e estimula a libera\u00e7\u00e3ode dopamina. Entretanto, a cafe\u00edna promove a vasoconstri\u00e7\u00e3o a n\u00edvel cerebral, o que acarreta na redu\u00e7\u00e3o do fluxo sangu\u00edneo, enquanto Enxtra\u00ae \u00e9 respons\u00e1vel por promover a vasodilata\u00e7\u00e3o e, portanto, mant\u00e9m o fluxo sangu\u00edneo normal com ou sem a cafe\u00edna. A homeostase do fluxo sangu\u00edneo evita o efeito de \u201ccafe\u00edna <em>crash<\/em>\u201d (efeito rebote).<\/p>\n<p>&nbsp;<\/p>\n<ul>\n<li><strong>RipFACTOR<\/strong><\/li>\n<\/ul>\n<p>&nbsp;<\/p>\n<p>RipFACTOR\u2122 \u00e9 uma combina\u00e7\u00e3o \u00fanica de extratos naturais com efeitos significativos no tecido muscular e na performance esportiva. RipFACTOR\u2122 apresenta na sua composi\u00e7\u00e3o o extrato da flor de <em>Sphaeranthus indicus <\/em>e o extrato da casca da <em>Mangifera indica <\/em>(manga), padronizados em <em>7-hidroxi-frulanolida <\/em>e <em>mangiferina<\/em>. Atua como um acelerador dos resultados iniciais do treino, e favorece o <em>cutting <\/em>e defini\u00e7\u00e3o muscular.<\/p>\n<p>Benef\u00edcios:<\/p>\n<p>Acelera a adapta\u00e7\u00e3o inicial ao treino;<\/p>\n<p>Previne Overtraining e estagna\u00e7\u00e3o dos resultados<\/p>\n<p>As a\u00e7\u00f5es do RipFACTOR\u2122 est\u00e3o relacionadas ao metabolismo muscular envolvendo s\u00edntese proteica, prolifera\u00e7\u00e3o celular, gasto de energia e aporte de oxig\u00eanio. RipFACTOR\u2122 atua em:<\/p>\n<p>Hipertrofia e aumento de for\u00e7a muscular: estimula a s\u00edntese proteica e prolifera\u00e7\u00e3o das c\u00e9lulas musculares atrav\u00e9s da ativa\u00e7\u00e3o da via de sinaliza\u00e7\u00e3o celular da mTOR;<\/p>\n<p>Atenua\u00e7\u00e3o do catabolismo muscular: inibe a atividade do proteassoma 20S;<\/p>\n<p>Melhora da capacidade de <em>endurance<\/em>: atenua\u00e7\u00e3o da atividade da NADPH oxidase,<\/p>\n<p>complexo enzim\u00e1tico respons\u00e1vel pela produ\u00e7\u00e3o de esp\u00e9cies reativas de oxig\u00eanio (ROS);<\/p>\n<p>Vasodilata\u00e7\u00e3o: aumento da produ\u00e7\u00e3o de \u00f3xido n\u00edtrico contribuindo para o aporte de nutrientes e oxig\u00eanio.<\/p>\n<p>&nbsp;<\/p>\n<ul>\n<li><strong>Beta\u00edna Base Anidra<\/strong><\/li>\n<\/ul>\n<p>&nbsp;<\/p>\n<p>A beta\u00edna, ou trimetilglicina, exerce atividade anti-inflamat\u00f3ria no organismo humano, al\u00e9m de regular o metabolismo energ\u00e9tico e proteger as c\u00e9lulas do estresse ambiental.<\/p>\n<p>Benef\u00edcios:<\/p>\n<p>Promove o aumento da s\u00edntese de creatina, importante para a recupera\u00e7\u00e3o do ATP;<\/p>\n<p>Induz o aumento dos n\u00edveis de \u00f3xido n\u00edtrico, aumentando o fluxo sangu\u00edneo e o aporte de oxig\u00eanio e nutrientes no m\u00fasculo esquel\u00e9tico;<\/p>\n<p>Regula a hidrata\u00e7\u00e3o e a temperatura celular;<\/p>\n<p>Ativa a prote\u00edna quinase ativada por AMP (AMPK), modulando o metabolismo lip\u00eddico e a capta\u00e7\u00e3o celular de glicose.<\/p>\n<p>Com isso promove melhor desempenho, mais for\u00e7a e resist\u00eancia e menos fadiga.<\/p>\n<p>&nbsp;<\/p>\n<ul>\n<li><strong>KIC &amp; HMB<\/strong><\/li>\n<\/ul>\n<p><strong>\u00a0<\/strong><\/p>\n<p>Alfa-cetoisocaproato de c\u00e1lcio (KIC) e hidroxi-metilburato de c\u00e1lcio (HMB C\u00e1lcio) s\u00e3o produtos intermedi\u00e1rios da metaboliza\u00e7\u00e3o do amino\u00e1cido leucina \u2013 um importante modulador do metabolismo proteico.<\/p>\n<p>Exerce efeito anab\u00f3lico, Melhora o metabolismo energ\u00e9tico e protege contra danos em membranas lip\u00eddicas.<\/p>\n<p>A\u00e7\u00f5es:<\/p>\n<p>Ativa a via de sinaliza\u00e7\u00e3o mTOR e aumenta a express\u00e3o de IGF-1;<\/p>\n<p>Inibe a degrada\u00e7\u00e3o proteica mediada pelo sistema ubiquitina-proteassoma;<\/p>\n<p>Aumenta a disponibilidade de ATP e glicog\u00eanio na musculatura esquel\u00e9tica;<\/p>\n<p>Aumenta a bioss\u00edntese de colesterol e facilita a reconstru\u00e7\u00e3o de membranas celulares.<\/p>\n<p>Benef\u00edcios:<\/p>\n<p>Aumento de massa muscular, for\u00e7a e desempenho e menos gordura corporal.<\/p>\n<p>&nbsp;<\/p>\n<ul>\n<li><strong>D-Ribose<\/strong><\/li>\n<\/ul>\n<p>&nbsp;<\/p>\n<p>Monossacar\u00eddeo presente naturalmente em todas as c\u00e9lulas do organismo humano e envolvido em diferentes processos biol\u00f3gicos, incluindo a homeostase energ\u00e9tica e a s\u00edntese de DNA, RNA, NADP e coenzima A.<\/p>\n<p>Atua como um precursor de ATP no m\u00fasculo esquel\u00e9tico.<\/p>\n<p>Efeito Ergog\u00eanico: menos dor e dano muscular, maior desempenho f\u00edsico e oxigena\u00e7\u00e3o nos tecidos.<\/p>\n<p><strong>\u00a0<\/strong><\/p>\n<p><strong>\u00a0<\/strong><\/p>\n<ul>\n<li><strong>Black Rice Extract<\/strong><\/li>\n<\/ul>\n<p>&nbsp;<\/p>\n<p>PADRONIZA\u00c7\u00c3O: 25% de cianidina-3-glicosideo.<\/p>\n<p>C3G 25% &#8211; Reduz a gordura corporal e promove simultaneamente o ganho da massa muscular magra Black rice extract apresenta alto valor nutritivo de prote\u00ednas, minerais, fibras e antocianidinas.<\/p>\n<p>Estudos comprovam que C3G possui resultados positivos na acelera\u00e7\u00e3o do metabolismo e na redu\u00e7\u00e3o da gordura corporal, devido sua capacidade de ativar a oxida\u00e7\u00e3o de \u00e1cidos graxos. Al\u00e9m disso, C3G pode aprimorar o desempenho do exerc\u00edcio f\u00edsico e produzir massa muscular magra.<\/p>\n<p>Excelente a\u00e7\u00e3o anti-inflamat\u00f3ria e antioxidante<\/p>\n<p><span style=\"font-size: 14.4px;\"><a href=\"https:\/\/hervas-pharmacia.com.br\/novo\/contato\/\" class=\"button primary is-primary is-medium\"  >\n    <span>CONTATO<\/span>\n  <\/a>\n<\/span><\/p>\n","protected":false},"featured_media":931,"template":"","meta":[],"product_cat":[104],"product_tag":[],"_links":{"self":[{"href":"https:\/\/hervas-pharmacia.com.br\/novo\/wp-json\/wp\/v2\/product\/563"}],"collection":[{"href":"https:\/\/hervas-pharmacia.com.br\/novo\/wp-json\/wp\/v2\/product"}],"about":[{"href":"https:\/\/hervas-pharmacia.com.br\/novo\/wp-json\/wp\/v2\/types\/product"}],"wp:featuredmedia":[{"embeddable":true,"href":"https:\/\/hervas-pharmacia.com.br\/novo\/wp-json\/wp\/v2\/media\/931"}],"wp:attachment":[{"href":"https:\/\/hervas-pharmacia.com.br\/novo\/wp-json\/wp\/v2\/media?parent=563"}],"wp:term":[{"taxonomy":"product_cat","embeddable":true,"href":"https:\/\/hervas-pharmacia.com.br\/novo\/wp-json\/wp\/v2\/product_cat?post=563"},{"taxonomy":"product_tag","embeddable":true,"href":"https:\/\/hervas-pharmacia.com.br\/novo\/wp-json\/wp\/v2\/product_tag?post=563"}],"curies":[{"name":"wp","href":"https:\/\/api.w.org\/{rel}","templated":true}]}}