{"id":566,"date":"2020-08-30T21:29:43","date_gmt":"2020-08-31T00:29:43","guid":{"rendered":"https:\/\/hervas-pharmacia.com.br\/novo\/?post_type=product&#038;p=566"},"modified":"2023-04-11T08:00:59","modified_gmt":"2023-04-11T11:00:59","slug":"homeopatia-e-florais","status":"publish","type":"product","link":"https:\/\/hervas-pharmacia.com.br\/novo\/homeopatia-e-florais\/homeopatia-e-florais\/","title":{"rendered":"Homeopatia e Florais"},"content":{"rendered":"","protected":false},"excerpt":{"rendered":"<p><strong>HOMEOPATIA<\/strong><\/p>\n<p><strong><u>\u00a0<\/u><\/strong><\/p>\n<p>A Homeopatia \u00e9 uma especialidade m\u00e9dica e farmac\u00eautica que consiste em ministrar ao doente doses m\u00ednimas do medicamento, de acordo com a lei dos semelhantes, para evitar a agrava\u00e7\u00e3o dos sintomas e estimular a rea\u00e7\u00e3o org\u00e2nica na dire\u00e7\u00e3o da cura.<\/p>\n<p>Preparado a partir de subst\u00e2ncias extra\u00eddas da natureza, provenientes do reino mineral, vegetal e animal.<\/p>\n<p>O nascimento da homeopatia se deu a mais de 200 anos atr\u00e1s na Alemanha atrav\u00e9s do m\u00e9dico alem\u00e3o Samuel Hahnemann. Ap\u00f3s diversos experimentos e pesquisas em literaturas m\u00e9dicas e com a finalidade de diminuir os efeitos t\u00f3xicos e nocivos das drogas, adotou as doses infinitesimais (grandes dilui\u00e7\u00f5es) para o tratamento de seus pacientes.<\/p>\n<p>Hoje a homeopatia \u00e9 praticada em diversos continentes.<\/p>\n<p>O medicamento homeop\u00e1tico busca a cura atrav\u00e9s do equil\u00edbrio f\u00edsico, mental e emocional do paciente, restabelecendo sua energia vital<\/p>\n<p>&nbsp;<\/p>\n<p><strong>Consulte sempre um profissional. A correta anamnese do paciente \u00e9 fundamental para a resposta org\u00e2nica. <\/strong><\/p>\n<p><strong>A indica\u00e7\u00e3o de um medicamento homeop\u00e1tico depende de caracter\u00edsticas pessoais e reacionais do paciente. Ou seja, se avalia o indiv\u00edduo como um todo.<\/strong><\/p>\n<p><strong>\u00a0<\/strong><\/p>\n<p><strong><u>\u00a0<\/u><\/strong><\/p>\n<p><strong>FLORAIS<\/strong><\/p>\n<p><strong><u>\u00a0<\/u><\/strong><\/p>\n<p><strong>FLORAIS DE BACH:<\/strong> Os Florais de Bach s\u00e3o sistemas compostos por extra\u00e7\u00e3o de flores. S\u00e3o ess\u00eancias com a\u00e7\u00e3o complementar auxiliando no tratamento e equil\u00edbrio e vibra\u00e7\u00f5es das nossas emo\u00e7\u00f5es. A ess\u00eancia da flor \u00e9 extra\u00edda por m\u00e9todos solar ou ebuli\u00e7\u00e3o.<\/p>\n<p>&nbsp;<\/p>\n<p>Baseado em ess\u00eancias de plantas, desenvolvido em meados da d\u00e9cada de 30 pelo Dr. Edward Bach, m\u00e9dico e homeopata que acreditava ser o bem-estar emocional a chave para a sa\u00fade.<\/p>\n<p>O Dr. Bach dedicou a sua vida estudando o uso das plantas para uma abordagem mais simples, gentil e natural do equil\u00edbrio emocional humano.\u00a0Logo, a partir da\u00ed ele desenvolveu 38 ess\u00eancias para tratar desequil\u00edbrios emocionais e comportamentais, tendo como ponto, cada um dos florais, associados a uma emo\u00e7\u00e3o b\u00e1sica.<\/p>\n<p>Sua pesquisa m\u00e9dica permitiu-o entender que muitos dos nossos problemas de sa\u00fade, t\u00eam origem em nosso estado emocional e mental e n\u00e3o no corpo f\u00edsico, e que as emo\u00e7\u00f5es influenciam no aparecimento e tratamento das doen\u00e7as.<\/p>\n<p>&nbsp;<\/p>\n<p>As flores carregam o estado positivo, sua vibra\u00e7\u00e3o natural serve para auxiliar a reequilibrar o indiv\u00edduo, equalizando emo\u00e7\u00f5es e mantendo corpo e mente em sintonia. O potencial energ\u00e9tico das flores \u00e9 o principal embasamento da pr\u00e1tica.<\/p>\n<p>Podem melhorar sentimentos como o medo, ansiedade e irrita\u00e7\u00e3o, comportamentos, restaurar o bem estar, como tamb\u00e9m, fortalecer a rela\u00e7\u00e3o entre mente e corpo, e assim, auxiliar de forma positiva na preven\u00e7\u00e3o de doen\u00e7as que podem se relacionar a essa disfun\u00e7\u00e3o comportamental e mental.<\/p>\n<p>&nbsp;<\/p>\n<p><strong>As ess\u00eancias descobertas por Dr. Bach<\/strong><\/p>\n<p><strong>\u00a0<\/strong><\/p>\n<p>O Floral de Bach tem seu tratamento reconhecido atualmente pela OMS (<a href=\"https:\/\/www.who.int\/eportuguese\/countries\/bra\/pt\/\">Organiza\u00e7\u00e3o Mundial da Sa\u00fade<\/a>) e tamb\u00e9m hoje no Brasil, \u00e9 recomendada como pr\u00e1ticas Integrativas e Complementares do SUS.<\/p>\n<p>As indica\u00e7\u00f5es s\u00e3o subdivididas em grupos onde cada grupo representa uma emo\u00e7\u00e3o.<\/p>\n<p>&nbsp;<\/p>\n<ul>\n<li><strong>Para os que sentem Medo<\/strong><\/li>\n<\/ul>\n<p><strong>\u00a0<\/strong><\/p>\n<p><strong>Aspen: <\/strong>Ansiedade, temor sem saber o motivo. Medo de origem desconhecida. Apreens\u00e3o, press\u00e1gios.<\/p>\n<p><strong>Cherry Plum: <\/strong>Temor de perder o controle, de fazer coisas horr\u00edveis. \u00c1s vezes, desesperado.<\/p>\n<p><strong>Mimulus: <\/strong>Medo espec\u00edfico de origem desconhecida, reservado, t\u00edmido.<\/p>\n<p><strong>Red Chestnut: <\/strong>Excessiva apreens\u00e3o ou ansiedade pelo bem estar de pessoas pr\u00f3ximas e queridas.<\/p>\n<p><strong>Rock Rose: <\/strong>P\u00e2nico, medo extremo, terror e medo paralisante.<\/p>\n<p>&nbsp;<\/p>\n<ul>\n<li><strong>Para a Solid\u00e3o<\/strong><\/li>\n<\/ul>\n<p><strong>\u00a0<\/strong><\/p>\n<p><strong>Heather: <\/strong>Personalidade ego\u00edsta e excesso de preocupa\u00e7\u00e3o por si mesmo. Indiv\u00edduo obsessivo com seus deveres, adi\u00e7\u00f5es e experi\u00eancias. Constantemente relatando a outros, n\u00e3o suporta a solid\u00e3o.<\/p>\n<p><strong>Impatiens: <\/strong>Impaci\u00eancia, irritabilidade.<\/p>\n<p><strong>Water Violet: <\/strong>Orgulhoso, solit\u00e1rio, superior, reservado. N\u00e3o interfere aos assuntos dos outros. Para equilibrar personalidades reservadas e distantes.<\/p>\n<p>&nbsp;<\/p>\n<ul>\n<li><strong>Para a Indecis\u00e3o<\/strong><\/li>\n<\/ul>\n<p><strong>\u00a0<\/strong><\/p>\n<p><strong>Cerato: <\/strong>Falta de confian\u00e7a em seu pr\u00f3prio ju\u00edzo e decis\u00f5es, buscando constantemente conselho aos outros.<\/p>\n<p><strong>Gentian: <\/strong>Sentimento de desalento, falta de auto-confian\u00e7a. Depress\u00e3o por causa conhecida. Desanimado depois de uma contrariedade.<\/p>\n<p><strong>Gorse: <\/strong>Desesperan\u00e7a, desalento, humor sombrio. Desesperado.<\/p>\n<p><strong>Hornbean: <\/strong>Para indiv\u00edduos cansados e desinteressados por suas tarefas, mas que as cumpre perfeitamente. Pregui\u00e7a, cansa\u00e7o f\u00edsico e mental. Sentimento de cansa\u00e7o s\u00f3 de pensar em fazer algo.<\/p>\n<p><strong>Scleranthus: <\/strong>Indeciso entre v\u00e1rias possibilidades. Inst\u00e1vel. Opina uma coisa em um minuto e em outro minuto, o oposto. Inst\u00e1vel em suas escolhas<\/p>\n<p><strong>Wild Oat: <\/strong>Descontente, incerteza no que se refere a carreira, \u00e1s dire\u00e7\u00f5es a serem tomadas na vida.<\/p>\n<h3><\/h3>\n<ul>\n<li><strong>Falta de interesse pelas circunst\u00e2ncias<\/strong><\/li>\n<\/ul>\n<p><strong>\u00a0<\/strong><\/p>\n<p><strong>Clematis: <\/strong>Indiv\u00edduos sonhadores, que n\u00e3o prestam aten\u00e7\u00e3o ao que se passa ao redor, vivem sonhando com o futuro sem trabalhar no presente.<\/p>\n<p><strong>Chestnut Bud:<\/strong> Repeti\u00e7\u00e3o dos mesmos erros, falta de observa\u00e7\u00e3o. Incapacidade de aprender com seus pr\u00f3prios erros.<\/p>\n<h3>Honeysuckle: Para quem constantemente vive no passado, lembrando de recorda\u00e7\u00f5es.<\/h3>\n<p><strong>Mustard:<\/strong> Profunda melancolia, depress\u00e3o se tristeza sem motivo aparente.<\/p>\n<p><strong>Olive:<\/strong> Esgotamento total. Cansa\u00e7o. Fadiga mental e f\u00edsica extrema.<\/p>\n<p><strong>White Chestnut:<\/strong> Pensamentos persistentes, indesejados, incontrol\u00e1veis e obsessivos. Conflitos mentais.<\/p>\n<p><strong>Wild Rose:<\/strong> Resigna\u00e7\u00e3o, pouco desejo de fazer esfor\u00e7os. Entregam-se sem lutar, ap\u00e1ticos e resignados. Sensa\u00e7\u00e3o de andar \u00e0 deriva.<\/p>\n<h3><\/h3>\n<ul>\n<li><strong>Para os que s\u00e3o suscet\u00edveis a influ\u00eancias e ideias alheias<\/strong><\/li>\n<\/ul>\n<p><strong>\u00a0<\/strong><\/p>\n<h3>Agrimony: Para quem sofre de sentimento de inferioridade. Pensamentos ruins e inquieta\u00e7\u00f5es interior, com tortura mental de tr\u00e1s de uma apar\u00eancia alegre.<\/h3>\n<p><strong>Centaury:<\/strong> Debilidade nas resolu\u00e7\u00f5es. Escravos de si mesmo. Dificuldades em dizer n\u00e3o.<\/p>\n<p><strong>Holly:<\/strong> Para a inveja, ci\u00fame, \u00f3dio, desconfian\u00e7a, raiva.<\/p>\n<p><strong>Walnut:<\/strong> Medicamentos das transi\u00e7\u00f5es: Puberdade e Menopausa. Auxilia nas grandes mudan\u00e7as. Prote\u00e7\u00e3o de influ\u00eancias indesejadas e em caso de mudan\u00e7as.<\/p>\n<p>&nbsp;<\/p>\n<ul>\n<li><strong>Para o des\u00e2nimo ou desespero<\/strong><\/li>\n<\/ul>\n<p><strong>\u00a0<\/strong><\/p>\n<p><strong>Crab Apple: <\/strong>Para aqueles que sentem envergonhados e impuros. Condenam a si mesmos. Para limpeza e para o sentimento de auto-rejei\u00e7\u00e3o.<\/p>\n<p><strong>Elm: <\/strong>Sentimentos tempor\u00e1rios de incapacidade. Sensa\u00e7\u00e3o de sobrecarga por excesso de responsabilidades.<\/p>\n<p><strong>Larch: <\/strong>Desalento Expectativa de fracasso. Falta de confian\u00e7a.<\/p>\n<p><strong>Oak: <\/strong>Bravo lutador. Suporta al\u00e9m do limite das suas capacidades. Grande sentido de dever. Para indiv\u00edduos impass\u00edvel e persistente.<\/p>\n<p><strong>Pine: <\/strong>Sentimento de culpa. Culpa-se pelos erros dos outros. Recrimina-se.<\/p>\n<p><strong>Star of Bethlehem: <\/strong>Para todos os tipos de choques e traumas, f\u00edsicos e ps\u00edquicos.<\/p>\n<p><strong>Sweet Chestnut: <\/strong>Desespero, ang\u00fastia mental extrema, desola\u00e7\u00e3o. Quando todas as hip\u00f3teses parecem esgotadas e o indiv\u00edduo n\u00e3o v\u00ea outras possibilidades.<\/p>\n<p><strong>Wilow: <\/strong>Rancor, ressentimentos, amargura. Dificuldade em aceitar adversidades. Autocomisera\u00e7\u00e3o.<\/p>\n<p><strong>\u00a0<\/strong><\/p>\n<ul>\n<li><strong>Preocupa\u00e7\u00e3o excessiva <\/strong><\/li>\n<\/ul>\n<p><strong>\u00a0<\/strong><\/p>\n<p><strong>Beech:<\/strong> Cr\u00edtico e intolerante para com os outros. Rigidez de pensamentos.<\/p>\n<p><strong>Chicory:<\/strong> Indiv\u00edduos que controlam ou tentam controlar os outros. Ego\u00edsmo e possessividade.<\/p>\n<p><strong>Rock Water:<\/strong> Rigidez moral. Desejo de ser tomado como exemplo. Auto nega\u00e7\u00e3o e repress\u00e3o por rigidez.<\/p>\n<p><strong>Vervain:<\/strong> Grande entusiasmo, esfor\u00e7o, Fan\u00e1tico, exasperado com as injusti\u00e7as. Tens\u00e3o.<\/p>\n<p><strong>Vine:<\/strong> Cruel e inflex\u00edvel. L\u00edderes arrogantes, onipotentes, s\u00e1dicos. Excesso de autoridade, despotismo.<\/p>\n<p><strong>\u00a0<\/strong><\/p>\n<h3>\u00b7\u00a0\u00a0\u00a0\u00a0\u00a0\u00a0\u00a0 Rescue Remedy<\/h3>\n<p>Combina\u00e7\u00e3o preparada com as ess\u00eancias: Rock Rose, Star Of Bethlehem, Cherry Plum, Clematis e Impatiens, recomendada para momentos emergenciais, os quais acarretam estresse elevado e tens\u00e3o.<\/p>\n<p>&nbsp;<\/p>\n<p><strong>ADVERT\u00caNCIAS:<\/strong><\/p>\n<p>Nunca compre medicamento sem orienta\u00e7\u00e3o de um profissional<\/p>\n<p>Fale com seu m\u00e9dico, farmac\u00eautico ou demais profissionais da sa\u00fade legalmente habilitado<\/p>\n<p><span style=\"font-size: 14.4px;\"><a href=\"https:\/\/hervas-pharmacia.com.br\/novo\/contato\/\" class=\"button primary is-primary is-medium\"  >\n    <span>CONTATO<\/span>\n  <\/a>\n<\/span><\/p>\n","protected":false},"featured_media":903,"template":"","meta":[],"product_cat":[36],"product_tag":[],"_links":{"self":[{"href":"https:\/\/hervas-pharmacia.com.br\/novo\/wp-json\/wp\/v2\/product\/566"}],"collection":[{"href":"https:\/\/hervas-pharmacia.com.br\/novo\/wp-json\/wp\/v2\/product"}],"about":[{"href":"https:\/\/hervas-pharmacia.com.br\/novo\/wp-json\/wp\/v2\/types\/product"}],"wp:featuredmedia":[{"embeddable":true,"href":"https:\/\/hervas-pharmacia.com.br\/novo\/wp-json\/wp\/v2\/media\/903"}],"wp:attachment":[{"href":"https:\/\/hervas-pharmacia.com.br\/novo\/wp-json\/wp\/v2\/media?parent=566"}],"wp:term":[{"taxonomy":"product_cat","embeddable":true,"href":"https:\/\/hervas-pharmacia.com.br\/novo\/wp-json\/wp\/v2\/product_cat?post=566"},{"taxonomy":"product_tag","embeddable":true,"href":"https:\/\/hervas-pharmacia.com.br\/novo\/wp-json\/wp\/v2\/product_tag?post=566"}],"curies":[{"name":"wp","href":"https:\/\/api.w.org\/{rel}","templated":true}]}}